ded by 41?
9
Calculate the remainder when 3592 is divided by 191.
154
What is the remainder when 430 is divided by 258?
172
What is the remainder when 702 is divided by 345?
12
What is the remainder when 1437 is divided by 14?
9
What is the remainder when 6630 is divided by 487?
299
What is the remainder when 5961 is divided by 263?
175
Calculate the remainder when 43254 is divided by 4.
2
Calculate the remainder when 44451 is divided by 13.
4
What is the remainder when 1776 is divided by 556?
108
What is the remainder when 241809 is divided by 3609?
6
What is the remainder when 4527 is divided by 107?
33
Calculate the remainder when 6775 is divided by 357.
349
What is the remainder when 16700 is divided by 72?
68
Calculate the remainder when 184153 is divided by 3410.
13
Calculate the remainder when 2821 is divided by 1168.
485
Calculate the remainder when 63283 is divided by 83.
37
Calculate the remainder when 6299 is divided by 372.
347
What is the remainder when 25759 is divided by 1371?
1081
Calculate the remainder when 6360072 is divided by 225.
222
What is the remainder when 899878 is divided by 10?
8
Calculate the remainder when 350394 is divided by 349.
347
Calculate the remainder when 215 is divided by 97.
21
Calculate the remainder when 121498 is divided by 12146.
38
Calculate the remainder when 5683 is divided by 453.
247
Calculate the remainder when 84750 is divided by 65.
55
What is the remainder when 2494 is divided by 22?
8
What is the remainder when 4987 is divided by 86?
85
What is the remainder when 2341 is divided by 17?
12
What is the remainder when 1709 is divided by 187?
26
Calculate the remainder when 1802723 is divided by 24.
11
What is the remainder when 106545 is divided by 26628?
33
What is the remainder when 1097 is divided by 893?
204
Calculate the remainder when 194457 is divided by 527.
521
Calculate the remainder when 36942 is divided by 38.
6
What is the remainder when 8984 is divided by 2?
0
Calculate the remainder when 2433 is divided by 547.
245
What is the remainder when 42935 is divided by 145?
15
What is the remainder when 2806 is divided by 482?
396
Calculate the remainder when 228856 is divided by 228851.
5
Calculate the remainder when 421726 is divided by 4055.
6
Calculate the remainder when 17593 is divided by 78.
43
What is the remainder when 1587727 is divided by 263?
259
Calculate the remainder when 2857 is divided by 882.
211
What is the remainder when 10701 is divided by 3?
0
What is the remainder when 103147 is divided by 363?
55
What is the remainder when 30239 is divided by 5?
4
What is the remainder when 79228 is divided by 44?
28
What is the remainder when 9170 is divided by 90?
80
Calculate the remainder when 7462 is divided by 13.
0
What is the remainder when 2423 is divided by 570?
143
What is the remainder when 1891436 is divided by 18?
14
Calculate the remainder when 5532 is divided by 776.
100
Calculate the remainder when 11143 is divided by 134.
21
What is the remainder when 28190 is divided by 975?
890
Calculate the remainder when 26025 is divided by 63.
6
What is the remainder when 187041 is divided by 10?
1
Calculate the remainder when 877645 is divided by 278.
277
Calculate the remainder when 1159875 is divided by 11.
2
What is the remainder when 31634 is divided by 57?
56
Calculate the remainder when 839 is divided by 567.
272
Calculate the remainder when 1456 is divided by 357.
28
Calculate the remainder when 48701 is divided by 299.
263
What is the remainder when 8432 is divided by 936?
8
Calculate the remainder when 1001271 is divided by 457.
441
What is the remainder when 60027 is divided by 2222?
33
Calculate the remainder when 11216 is divided by 5600.
16
What is the remainder when 1637 is divided by 343?
265
What is the remainder when 106 is divided by 97?
9
What is the remainder when 116356 is divided by 10?
6
What is the remainder when 8646 is divided by 2882?
0
Calculate the remainder when 5742 is divided by 38.
4
What is the remainder when 309672 is divided by 181?
162
What is the remainder when 23993 is divided by 11949?
95
Calculate the remainder when 5612 is divided by 181.
1
What is the remainder when 60276 is divided by 268?
244
What is the remainder when 8608 is divided by 2842?
82
What is the remainder when 75940 is divided by 83?
78
What is the remainder when 227763 is divided by 1095?
3
What is the remainder when 3702 is divided by 1676?
350
Calculate the remainder when 151589 is divided by 30.
29
Calculate the remainder when 34109 is divided by 109.
101
Calculate the remainder when 9723 is divided by 25.
23
Calculate the remainder when 4235 is divided by 447.
212
What is the remainder when 4526 is divided by 377?
2
What is the remainder when 70792 is divided by 1609?
1605
Calculate the remainder when 1963 is divided by 854.
255
What is the remainder when 66922 is divided by 59?
16
What is the remainder when 3940 is divided by 123?
4
Calculate the remainder when 94643 is divided by 37.
34
Calculate the remainder when 263426 is divided by 317.
316
What is the remainder when 9082 is divided by 100?
82
What is the remainder when 80645 is divided by 80636?
9
Calculate the remainder when 953 is divided by 443.
67
Calculate the remainder when 41809 is divided by 181.
179
Calculate the remainder when 21424 is divided by 2207.
1561
Calculate the remainder when 6501 is divided by 501.
489
What is the remainder when 31525 is divided by 315?
25
What is the remainder when 1679 is divided by 611?
457
What is the remainder when 154819 is divided by 38697?
31
Calculate the remainder when 1567 is divided by 119.
20
What is the remainder when 712121 is divided by 906?
5
Calculate the remainder when 4289 is divided by 165.
164
What is the remainder when 362884 is divided by 1620?
4
What is the remainder when 5194 is divided by 158?
138
Calculate the remainder when 32587 is divided by 1420.
1347
What is the remainder when 745 is divided by 94?
87
What is the remainder when 13309 is divided by 2704?
2493
Calculate the remainder when 1313 is divided by 304.
97
Calculate the remainder when 66471 is divided by 86.
79
Calculate the remainder when 54999 is divided by 1004.
783
What is the remainder when 19530 is divided by 13?
4
Calculate the remainder when 2155 is divided by 1411.
744
Calculate the remainder when 4143 is divided by 133.
20
Calculate the remainder when 84741 is divided by 16946.
11
Calculate the remainder when 66216 is divided by 47.
40
What is the remainder when 16509 is divided by 108?
93
What is the remainder when 11086 is divided by 56?
54
Calculate the remainder when 2326 is divided by 24.
22
What is the remainder when 16678 is divided by 172?
166
Calculate the remainder when 169492 is divided by 878.
38
What is the remainder when 151452 is divided by 82?
80
What is the remainder when 10957 is divided by 43?
35
What is the remainder when 33804 is divided by 352?
12
What is the remainder when 45835 is divided by 533?
530
What is the remainder when 2770 is divided by 82?
64
Calculate the remainder when 57934 is divided by 28964.
6
What is the remainder when 2887 is divided by 449?
193
What is the remainder when 41960 is divided by 1?
0
What is the remainder when 13795 is divided by 2154?
871
What is the remainder when 154278 is divided by 51409?
51
Calculate the remainder when 6888 is divided by 77.
35
Calculate the remainder when 29133 is divided by 7280.
13
What is the remainder when 352 is divided by 37?
19
What is the remainder when 9674 is divided by 967?
4
What is the remainder when 382 is divided by 217?
165
Calculate the remainder when 6451 is divided by 1189.
506
Calculate the remainder when 32296 is divided by 673.
665
Calculate the remainder when 4309 is divided by 1001.
305
Calculate the remainder when 11009 is divided by 74.
57
Calculate the remainder when 1114 is divided by 160.
154
Calculate the remainder when 390101 is divided by 121.
118
Calculate the remainder when 45593 is divided by 52.
41
Calculate the remainder when 1133 is divided by 933.
200
Calculate the remainder when 255804 is divided by 62.
54
What is the remainder when 8333 is divided by 2667?
332
Calculate the remainder when 4793 is divided by 1389.
626
Calculate the remainder wh